er when 120039 is divided by 1611?
825
Calculate the remainder when 494696 is divided by 247237.
222
What is the remainder when 220537 is divided by 10168?
7009
What is the remainder when 160681 is divided by 7?
3
Calculate the remainder when 90293598 is divided by 14.
10
Calculate the remainder when 7790489 is divided by 45.
44
Calculate the remainder when 616798 is divided by 19879.
549
Calculate the remainder when 4097824 is divided by 907.
905
Calculate the remainder when 10349 is divided by 1075.
674
What is the remainder when 18368 is divided by 2514?
770
What is the remainder when 1802122 is divided by 4755?
4732
What is the remainder when 109719 is divided by 761?
135
Calculate the remainder when 15146820 is divided by 42.
24
Calculate the remainder when 55330 is divided by 18368.
226
Calculate the remainder when 34496092 is divided by 5.
2
What is the remainder when 147566 is divided by 605?
551
What is the remainder when 500897 is divided by 901?
842
What is the remainder when 36704 is divided by 9057?
476
Calculate the remainder when 706555 is divided by 4529.
31
Calculate the remainder when 94530316 is divided by 13.
10
Calculate the remainder when 1130891 is divided by 1130890.
1
Calculate the remainder when 70881 is divided by 8738.
977
What is the remainder when 9905173 is divided by 2532?
2521
What is the remainder when 11450158 is divided by 6906?
10
Calculate the remainder when 414123 is divided by 82808.
83
Calculate the remainder when 680495 is divided by 340241.
13
What is the remainder when 40555001 is divided by 55?
36
Calculate the remainder when 216912 is divided by 1746.
408
Calculate the remainder when 72518 is divided by 7233.
188
What is the remainder when 233389 is divided by 683?
486
Calculate the remainder when 24013281 is divided by 14.
5
What is the remainder when 13119 is divided by 502?
67
What is the remainder when 208048 is divided by 128?
48
Calculate the remainder when 112186057 is divided by 37395345.
22
What is the remainder when 4184922 is divided by 22?
16
Calculate the remainder when 928959 is divided by 226.
99
Calculate the remainder when 621862 is divided by 3188.
202
Calculate the remainder when 1174 is divided by 404.
366
What is the remainder when 13243 is divided by 77?
76
Calculate the remainder when 36949909 is divided by 43.
9
What is the remainder when 9071081 is divided by 624?
617
What is the remainder when 3275335 is divided by 155968?
7
What is the remainder when 487344 is divided by 249?
51
What is the remainder when 4087867 is divided by 67014?
13
Calculate the remainder when 500005 is divided by 26.
25
What is the remainder when 241421 is divided by 47672?
3061
What is the remainder when 6612034 is divided by 1526?
1402
What is the remainder when 3358509 is divided by 152659?
11
Calculate the remainder when 8428269 is divided by 2170.
2159
What is the remainder when 1665470 is divided by 59481?
2
What is the remainder when 80556637 is divided by 1253?
14
Calculate the remainder when 451943 is divided by 451878.
65
Calculate the remainder when 19434174 is divided by 16.
14
Calculate the remainder when 28247 is divided by 12897.
2453
Calculate the remainder when 12552521 is divided by 1021.
347
Calculate the remainder when 1284236 is divided by 76.
64
Calculate the remainder when 37078 is divided by 16.
6
Calculate the remainder when 2892 is divided by 242.
230
What is the remainder when 47780234 is divided by 226?
218
Calculate the remainder when 227104 is divided by 905.
854
What is the remainder when 269467113 is divided by 20?
13
Calculate the remainder when 862770 is divided by 1200.
1170
What is the remainder when 4043914 is divided by 405?
394
What is the remainder when 10033333 is divided by 23118?
121
What is the remainder when 37417 is divided by 11723?
2248
Calculate the remainder when 52173 is divided by 25631.
911
What is the remainder when 5464659 is divided by 287613?
12
Calculate the remainder when 2087464 is divided by 713.
513
Calculate the remainder when 1624319 is divided by 58.
29
What is the remainder when 15843 is divided by 1153?
854
Calculate the remainder when 776091 is divided by 291.
285
What is the remainder when 187334 is divided by 1394?
538
What is the remainder when 180809 is divided by 2881?
2187
Calculate the remainder when 247160648 is divided by 550.
548
What is the remainder when 269843 is divided by 2313?
1535
What is the remainder when 330968 is divided by 78?
14
Calculate the remainder when 207047 is divided by 39.
35
Calculate the remainder when 207744 is divided by 21522.
14046
Calculate the remainder when 81621990 is divided by 231.
219
What is the remainder when 48250064 is divided by 1172?
1168
What is the remainder when 51605 is divided by 25308?
989
Calculate the remainder when 247065 is divided by 6877.
6370
Calculate the remainder when 347704 is divided by 8913.
97
Calculate the remainder when 352182751 is divided by 14.
11
Calculate the remainder when 18983453 is divided by 4291.
69
Calculate the remainder when 62800273 is divided by 6977808.
1
What is the remainder when 88652 is divided by 4343?
1792
Calculate the remainder when 40087617 is divided by 138.
135
Calculate the remainder when 1211014 is divided by 396.
46
Calculate the remainder when 72815 is divided by 36372.
71
Calculate the remainder when 283800 is divided by 224.
216
What is the remainder when 122681588 is divided by 10?
8
What is the remainder when 32831971 is divided by 14944?
3
What is the remainder when 19631712 is divided by 321?
315
Calculate the remainder when 101520 is divided by 11861.
6632
What is the remainder when 8382827 is divided by 152413?
112
Calculate the remainder when 4317791 is divided by 656.
655
What is the remainder when 72044 is divided by 1347?
653
Calculate the remainder when 249642 is divided by 5652.
954
What is the remainder when 278687 is divided by 69660?
47
What is the remainder when 498153 is divided by 165949?
306
Calculate the remainder when 514941 is divided by 514869.
72
Calculate the remainder when 7019060 is divided by 459.
32
What is the remainder when 2415121547 is divided by 5585?
5582
What is the remainder when 81797 is divided by 11672?
93
What is the remainder when 54778243 is divided by 435?
433
What is the remainder when 78399 is divided by 20?
19
Calculate the remainder when 3812392 is divided by 27.
19
Calculate the remainder when 11333934 is divided by 28987.
17
Calculate the remainder when 64990858 is divided by 14.
2
Calculate the remainder when 7178795 is divided by 211141.
1
Calculate the remainder when 5368215 is divided by 1789350.
165
What is the remainder when 11035834 is divided by 3678565?
139
Calculate the remainder when 6092977 is divided by 4982.
4973
What is the remainder when 19692223 is divided by 2285?
93
What is the remainder when 168453 is divided by 7303?
484
Calculate the remainder when 387539 is divided by 432.
35
Calculate the remainder when 1565 is divided by 643.
279
Calculate the remainder when 7224952 is divided by 852.
844
What is the remainder when 999016 is divided by 62435?
56
What is the remainder when 7717230 is divided by 163?
158
Calculate the remainder when 6985284 is divided by 540.
384
What is the remainder when 1070429 is divided by 1070405?
24
Calculate the remainder when 3181873 is divided by 1590923.
27
Calculate the remainder when 128823 is divided by 20334.
6819
Calculate the remainder when 24275 is divided by 4841.
70
Calculate the remainder when 867598 is divided by 289176.
70
What is the remainder when 317368 is divided by 49?
44
Calculate the remainder when 114887 is divided by 38286.
29
Calculate the remainder when 4443119 is divided by 3992.
23
Calculate the remainder when 52670 is divided by 1284.
26
Calculate the remainder when 17125256 is divided by 30.
26
Calculate the remainder when 287482 is divided by 7002.
400
What is the remainder when 2809284 is divided by 36?
24
What is the remainder when 4363760 is divided by 1046?
894
Calculate the remainder when 2030717 is divided by 45.
2
Calculate the remainder when 225846394 is divided by 7.
4
Calculate the remainder when 259006770 is divided by 8355057.
3
Calculate the remainder when 445074 is divided by 88981.